ed by 129172?
139
What is the remainder when 269017270 is divided by 331?
330
Calculate the remainder when 1675410 is divided by 391.
366
Calculate the remainder when 60740026 is divided by 151850.
26
What is the remainder when 122079093 is divided by 5818?
5817
What is the remainder when 77460 is divided by 339?
168
Calculate the remainder when 12705711 is divided by 12705706.
5
What is the remainder when 1187125 is divided by 560?
485
Calculate the remainder when 27763685 is divided by 170.
135
What is the remainder when 13305818 is divided by 16?
10
Calculate the remainder when 2944008 is divided by 2118.
2106
What is the remainder when 420224 is divided by 22117?
1
What is the remainder when 651543 is divided by 632?
583
What is the remainder when 1730345 is divided by 236?
229
Calculate the remainder when 120796307 is divided by 90.
17
Calculate the remainder when 6011939 is divided by 1336.
1275
Calculate the remainder when 10112470 is divided by 65.
30
What is the remainder when 4472437 is divided by 1490779?
100
What is the remainder when 3571225 is divided by 105036?
1
What is the remainder when 4405169 is divided by 472?
465
What is the remainder when 130169 is divided by 1677?
1040
What is the remainder when 4919286 is divided by 13?
8
Calculate the remainder when 14947363 is divided by 996490.
13
What is the remainder when 501756 is divided by 62715?
36
What is the remainder when 2349063 is divided by 38509?
14
What is the remainder when 104319878 is divided by 114?
74
What is the remainder when 29206667 is divided by 60?
47
What is the remainder when 4575137 is divided by 2287557?
23
Calculate the remainder when 2593120 is divided by 1606.
1036
Calculate the remainder when 44141 is divided by 845.
201
What is the remainder when 16821950 is divided by 206?
196
What is the remainder when 9450 is divided by 7600?
1850
What is the remainder when 788440 is divided by 90?
40
Calculate the remainder when 772268 is divided by 737.
629
Calculate the remainder when 592378925 is divided by 16.
13
Calculate the remainder when 6014122 is divided by 115.
82
Calculate the remainder when 112181056 is divided by 22436211.
1
What is the remainder when 17596 is divided by 438?
76
Calculate the remainder when 1007956 is divided by 1637.
1201
What is the remainder when 26287 is divided by 5433?
4555
Calculate the remainder when 26037937 is divided by 889.
16
Calculate the remainder when 594603 is divided by 59457.
33
What is the remainder when 338177 is divided by 344?
25
Calculate the remainder when 4842985 is divided by 807162.
13
What is the remainder when 186413 is divided by 20?
13
What is the remainder when 32930355 is divided by 1176083?
31
What is the remainder when 1565614 is divided by 1197?
1135
What is the remainder when 2925734 is divided by 1512?
14
Calculate the remainder when 107157 is divided by 435.
147
Calculate the remainder when 25332439 is divided by 29.
11
What is the remainder when 41339095 is divided by 132?
127
What is the remainder when 2880365 is divided by 576072?
5
What is the remainder when 929322 is divided by 24?
18
Calculate the remainder when 16132346 is divided by 181.
178
What is the remainder when 38884720 is divided by 158713?
35
Calculate the remainder when 808337 is divided by 677.
676
Calculate the remainder when 132986103 is divided by 872.
871
Calculate the remainder when 867002 is divided by 294.
290
Calculate the remainder when 4882212 is divided by 3517.
616
What is the remainder when 2206083 is divided by 735359?
6
What is the remainder when 1504572 is divided by 758?
700
What is the remainder when 7854445 is divided by 43393?
312
Calculate the remainder when 1350214 is divided by 108.
106
What is the remainder when 476770 is divided by 476768?
2
What is the remainder when 12490453 is divided by 2189?
19
Calculate the remainder when 1510980 is divided by 62957.
12
What is the remainder when 2183466 is divided by 1736?
1314
What is the remainder when 15592794 is divided by 3084?
90
Calculate the remainder when 13910772 is divided by 33764.
4
Calculate the remainder when 27780933 is divided by 32645.
38
Calculate the remainder when 27364126 is divided by 5472809.
81
Calculate the remainder when 30139 is divided by 785.
309
Calculate the remainder when 690199 is divided by 1429.
1421
What is the remainder when 12669104 is divided by 23?
14
What is the remainder when 245546 is divided by 10673?
67
What is the remainder when 63254 is divided by 20988?
290
Calculate the remainder when 1210675 is divided by 10.
5
Calculate the remainder when 6405630 is divided by 16.
14
Calculate the remainder when 360617 is divided by 112.
89
Calculate the remainder when 730348 is divided by 1554.
1522
Calculate the remainder when 372104 is divided by 2138.
92
What is the remainder when 503932 is divided by 12282?
370
Calculate the remainder when 325842 is divided by 559.
504
What is the remainder when 224543 is divided by 367?
306
What is the remainder when 655557 is divided by 2766?
15
What is the remainder when 102664 is divided by 662?
54
Calculate the remainder when 138704 is divided by 30.
14
What is the remainder when 1166296 is divided by 5798?
898
What is the remainder when 247083 is divided by 696?
3
Calculate the remainder when 1147625 is divided by 125.
0
Calculate the remainder when 172209 is divided by 41745.
5229
Calculate the remainder when 61967603 is divided by 15491899.
7
Calculate the remainder when 10490301 is divided by 263.
20
Calculate the remainder when 14021773 is divided by 4226.
4131
Calculate the remainder when 3567993280 is divided by 8093.
8091
What is the remainder when 3128718 is divided by 625742?
8
What is the remainder when 6879394 is divided by 62?
60
What is the remainder when 3660089 is divided by 478?
43
Calculate the remainder when 1746655792 is divided by 1602.
1600
Calculate the remainder when 23361752 is divided by 26.
24
What is the remainder when 451424 is divided by 6099?
98
What is the remainder when 14291 is divided by 886?
115
Calculate the remainder when 13985247 is divided by 2330873.
9
Calculate the remainder when 645351 is divided by 1926.
141
Calculate the remainder when 16694916 is divided by 1269.
1221
Calculate the remainder when 9578 is divided by 1063.
11
Calculate the remainder when 80575573 is divided by 1886.
1881
What is the remainder when 95205084 is divided by 285?
264
What is the remainder when 3239198 is divided by 2771?
2670
What is the remainder when 15368551 is divided by 307371?
1
Calculate the remainder when 6141715 is divided by 714.
601
Calculate the remainder when 279094 is divided by 616.
46
What is the remainder when 11663 is divided by 8062?
3601
What is the remainder when 362322 is divided by 180057?
2208
Calculate the remainder when 9662861 is divided by 73.
70
Calculate the remainder when 11984914 is divided by 284.
114
What is the remainder when 201926336 is divided by 306?
302
Calculate the remainder when 187691782 is divided by 165.
157
Calculate the remainder when 1562086 is divided by 12698.
232
What is the remainder when 15927114 is divided by 495?
489
Calculate the remainder when 621952 is divided by 2420.
12
What is the remainder when 177846210 is divided by 53136?
18
Calculate the remainder when 344246 is divided by 1626.
1160
What is the remainder when 2407360 is divided by 383?
205
What is the remainder when 252770 is divided by 5244?
1058
Calculate the remainder when 125051 is divided by 20459.
2297
Calculate the remainder when 2760609 is divided by 92.
57
What is the remainder when 28644869 is divided by 203155?
14
What is the remainder when 1689037 is divided by 80430?
7
Calculate the remainder when 3024466 is divided by 91650.
16
What is the remainder when 2137134 is divided by 2004?
870
What is the remainder when 24313790 is divided by 55?
50
Calculate the remainder when 2498398 is divided by 288.
286
Calculate the remainder when 7318256 is divided by 192.
176
What is the remainder when 2569304 is divided by 24238?
76
Calculate the remainder when 964147 is divided by 7.
2
Calculate the remainder when 20380 is divided by 9287.
1806
Calculate the remainder when 313149 is divided by 987.
270
What is the remainder when 7973962 is